-4)/24).
44
Suppose 0 = -55*b + 66*b - 1947. What is the remainder when b is divided by 20?
17
What is the remainder when 426 is divided by 4454/102 + 6/(-9)?
39
Let c be 1/3 - (-62)/3. Let o = 80 - c. Calculate the remainder when o is divided by 31 - ((-4)/8)/(5/(-10)).
29
Suppose 3*z + 5*o + 473 = 0, -2*z + 5*o = 3*o + 294. Let m = z - -212. Let c = -546 + 578. What is the remainder when m is divided by c?
29
Let s = 336 + -318. Calculate the remainder when 538 is divided by s.
16
What is the remainder when (22/(-77)*-581)/1 is divided by 46?
28
Let c(h) = 6*h**2 - 6*h + 8. Calculate the remainder when 23 is divided by c(1).
7
Let z(d) = 5*d - 3*d**3 + 7*d**2 - 9*d**2 - 5*d - 4. Calculate the remainder when z(-3) is divided by 20.
19
Let j(o) = -o**2 - 11*o - 12. What is the remainder when 106 is divided by j(-5)?
16
Let n = -8 + 13. Suppose 4*z = -4*q, -n*q + 38 = -4*z + 11. Calculate the remainder when q is divided by 1 - (0 + -4 - -3).
1
Let u(c) = 7*c - 1. Let f(n) = 10*n**3 - n**2 + 2*n - 2. Let r be f(1). Suppose -5*m = -r*m + 236. What is the remainder when m is divided by u(3)?
19
Let a = -27 + 6. What is the remainder when (-47 + -1)*a/42 is divided by 16?
8
Let l be (-4)/(8/(-6)) - 2. What is the remainder when (4/(-8))/(3/(-12)) is divided by l + 3/(-9)*0?
0
Suppose -w = h + 2*h - 38, -3*h + 3*w = -18. Suppose 0*o = -13*o + 78. Suppose -520 = -o*q - 4*q. What is the remainder when q is divided by h?
8
Let g = -44 + 102. Let j be (-31)/(-2) + (-1)/(-2). What is the remainder when g is divided by j/2*(-15)/(-6)?
18
Suppose 0 = w - 3*s - 12, -4*s - 2 = 2. Let q = -145 + 149. What is the remainder when w is divided by q?
1
Suppose 0 = -5*l - 60 - 20. Let z(k) = -k - 2. What is the remainder when z(l) is divided by 4?
2
Let m be (24/(-9))/4*-3. Let i(d) = -2*d**2 + 5 + 3*d - 8 + 4*d**2 + 8*d**3 + 4*d**3. Calculate the remainder when i(m) is divided by 27.
26
Let r be (96/(-20))/(1/(-5)). Suppose -48 = -2*a + r. What is the remainder when 69 is divided by a?
33
Suppose 4*s = 317 - 101. Let m(y) be the first derivative of -y**4/4 - y**3/3 + 4*y**2 - 5*y + 19. What is the remainder when s is divided by m(-4)?
10
Suppose -4*i + 559 = k - 4364, -5*i = -k - 6165. Suppose -5*q + q = -i. Suppose -5*z = h - q, 3*h + 6 = -0. What is the remainder when z is divided by 21?
20
What is the remainder when (9 - 8)*181 - 4 is divided by 64?
49
Let n = 19 + -10. Suppose -4*c = -92 - 8. Calculate the remainder when c is divided by n.
7
Suppose -4*t = 3*h, 3*t = -4*h - 3 - 4. Suppose 4*v + 15 + 194 = t*c, 0 = -2*c + 5*v + 130. What is the remainder when c is divided by 11?
9
Suppose 5080 = 18*o - 13*o. Suppose -3*f = 251 - o. What is the remainder when f is divided by 43?
40
Let i = 4 + 3. Let u = 7 + i. Suppose 14 + u = 4*d. What is the remainder when 19 is divided by d?
5
What is the remainder when 68 is divided by 1*-2 + (-3 - -25) + 3?
22
Let p(s) = -216*s - 1. Let b be p(1). Let o = 336 + b. Calculate the remainder when o is divided by 24.
23
Suppose -1472 = 84*y - 107*y. Suppose -5*n - r = -112, -4*n + 4*r + 72 = -8. Calculate the remainder when y is divided by n.
20
Let m(d) = d**3 + 8*d**2 - 4*d - 35. What is the remainder when 126 is divided by m(-4)?
36
Let h = 55 - -28. Let u(s) = -s**3 - 4*s**2 + 5*s. Let c be u(-5). What is the remainder when h is divided by 46/2 + (c - 2)?
20
Suppose 3*f - c - 249 = 328, 5*f - 959 = -c. Calculate the remainder when f is divided by 15.
12
Let r(t) be the third derivative of 5*t**4/8 - 12*t**3 + 26*t**2. Calculate the remainder when 46 is divided by r(6).
10
Suppose 0 = -3*q - 12 + 99. What is the remainder when 85 is divided by q?
27
Let l(x) = -5*x - 3. Let a be l(10). Let h = -21 - a. Let m = -46 - -57. What is the remainder when h is divided by m?
10
Let h = -34 - -65. What is the remainder when h is divided by 7?
3
Let d be (1 + 5/(-3))/((-19)/5073). Suppose -d = -5*z + 17. Suppose 42 = 4*a - a. Calculate the remainder when z is divided by a.
11
Let v be 4/(-8) + 205/2. Suppose v = 6*k - 4*k. What is the remainder when k is divided by 13?
12
Suppose -t = 8 - 10. Suppose -10 - 2 = t*i. What is the remainder when 3 - 1 - (i - -2) is divided by 3?
0
Suppose -10*k - 113 = -383. Suppose 5*g = 5*w + 35, 2*w - 29 = -3*g - 8. Calculate the remainder when k is divided by g.
6
Suppose -20*x + 1652 = 8*x. Calculate the remainder when 587 is divided by x.
56
Let i(k) = -22*k**3 - 1 + 21*k**3 + 4*k**2 + 3 + 3*k**2 - 4*k. What is the remainder when i(4) is divided by 20?
14
Let z = 241 + -207. What is the remainder when 80 is divided by z?
12
What is the remainder when (2 - (9 - 6))/((-2)/78) is divided by 8?
7
Let x = -2 - 3. Let c = 9 + x. Let v(q) = -q**3 + 3*q**2 + q - 3. Calculate the remainder when c is divided by v(2).
1
Suppose -2*x - 101 - 61 = 0. Calculate the remainder when (2/(12/10))/((-3)/x) is divided by 23.
22
Let p = -11 + 16. Suppose 255 = p*x - 5*q, -x + 5*q + 12 + 47 = 0. Calculate the remainder when x is divided by 25.
24
Let s = 67 - 64. Suppose 5*j - 2*j = b + 211, s*j - 3*b - 207 = 0. Let i = -29 - -47. Calculate the remainder when j is divided by i.
17
Let v be 8*9/54*(-222)/(-2). Suppose -20*z = -72 - v. Calculate the remainder when z is divided by 9.
2
Calculate the remainder when 39814/578 + 2/17 is divided by (-16)/3*27/(-6).
21
Let w = 502 - 458. Calculate the remainder when 439 is divided by w.
43
Suppose -4*n = -2 - 1078. What is the remainder when n is divided by 19?
4
Let g(t) = t - 4. Let x be g(6). Let b be (-1 + 4 - x) + 3. Suppose 0 = 5*u - 4*o - 71 + 25, b*o = -4*u + 8. Calculate the remainder when 34 is divided by u.
4
Let v = 477 + -451. What is the remainder when v is divided by (5 + 1)*(-3)/(-2)?
8
Suppose -4*f + 48 = 5*r - r, -56 = -5*r - 4*f. Suppose r*l - 78 = -22. What is the remainder when 69 is divided by l?
6
Suppose 25 = 12*u - 10*u + 5*b, -21 = -2*u - b. What is the remainder when 278 is divided by u?
8
Let n be 116/3 + 1/3. Suppose -51 = -4*z - 5*r, z + n = 4*z + 4*r. Suppose 5*f + 322 = 28*f. What is the remainder when f is divided by z?
5
Let x be (-1220)/15*(-9)/6. Suppose -343 = -13*b - x. Calculate the remainder when (-15 - 1)/(2/(-4)) is divided by b.
15
Let q = 948 + -890. What is the remainder when 1041 is divided by q?
55
Suppose -10 = 5*b + 3*t, -8 = 5*b - 5*t + 2. Let c = 56 + b. Calculate the remainder when 213 is divided by c.
51
Let m(y) = y - 20. Let t be m(10). Let c = t + 108. What is the remainder when c is divided by 25?
23
Let h(f) = 29*f + 2. Let o be h(-1). Let l = o + 76. Calculate the remainder when l is divided by 11 + (3 - (2 - 1)).
10
Let y = 123 - 78. Suppose -u = 4*u - y. Calculate the remainder when 24 is divided by u.
6
Let k = -281 + 471. Suppose 8*a + k - 798 = 0. What is the remainder when a is divided by 13?
11
Suppose 3*g = 2*d + 176, 223 = 4*g - 18*d + 17*d. Let z(m) = m**3 + 5*m**2 - 4*m - 1. Calculate the remainder when g is divided by z(-5).
16
Let z(w) = -13*w**2 - 70*w + 13. What is the remainder when 221 is divided by z(-5)?
31
Calculate the remainder when ((-53)/(-159))/(1/3699) is divided by 103.
100
Let h(f) = 5*f**3 - 9*f**2 + 9*f - 14. What is the remainder when h(4) is divided by 7?
2
Suppose -40 = -11*h + 6*h. Suppose -d + 28 = -h. What is the remainder when d is divided by 19?
17
Let m(v) = -3*v**2 + 6*v + 5. Let k be m(-5). Let p = -35 - k. What is the remainder when p is divided by 17?
14
Suppose w + 3*l - 4 = 0, -3*w - 3*l + 21 = -3. What is the remainder when w is divided by 6?
4
Let q(l) = 84*l**2 - 3. Calculate the remainder when 94 is divided by q(-1).
13
Suppose -42*d - 10 = -44*d. Suppose -d*l + 229 = -71. Calculate the remainder when l is divided by 31.
29
Let m(l) = 2*l + 35. Let g(p) = -p**3 + 7*p**2 - 6*p - 9. Let k be g(6). Calculate the remainder when 201 is divided by m(k).
14
Let n = -16 - -19. Suppose -29 = -n*o + 7. Suppose -27 = -3*v + o. What is the remainder when 50 is divided by v?
11
Suppose 3*n + y = 47, 0 = -2*n + 3*y + 46. Calculate the remainder when 605 is divided by n.
10
Suppose 0 = 107*z - 101*z - 3594. Calculate the remainder when z is divided by 75.
74
Let t(o) = 2 - 8*o - 8 + 22*o - 8 - o**2. Calculate the remainder when 17 is divided by t(12).
7
Let t(j) = -7*j - 15. Let y(b) 